pose d = -d - 356. Let m = 187 + d. What is the remainder when 40 is divided by m?
4
Let n = -240 - -805. Suppose -14*h + n = -9*h. What is the remainder when h is divided by 39?
35
Let j = -163 - -286. Suppose j - 28 = 5*q. Calculate the remainder when 106 is divided by q.
11
Suppose -f = -2*s + 176, -2*f = -2*s + 103 + 75. Calculate the remainder when s is divided by 15.
12
Let r = -27 - -39. Suppose z + 4*z - 170 = 0. Calculate the remainder when z is divided by r.
10
Let f(t) = 4*t**2 - 10*t + 6. Let n be f(6). Let c = -122 + 124. Suppose c*k = -2*d + n, -3*d + 131 = -5*k + 12. What is the remainder when d is divided by 23?
20
Suppose 8*o - 12*o = 0. Let y(i) = -3 - 1 + 11*i**2 + 5 + o - 2*i. What is the remainder when y(2) is divided by 16?
9
Let y be (10/6 - 2)*-573. Suppose 0 = 2*w + m - y, -83 = -w - 0*w + 2*m. Let s = 1695 + -1671. What is the remainder when w is divided by s?
21
What is the remainder when 31 is divided by (1/(-6) + (-5)/60)*-24?
1
Suppose -2001 = -12*z - 17*z. What is the remainder when z is divided by 18?
15
Suppose 3*x + 3*v + 139 = 313, 4*v = 0. Suppose 0 = -4*z - 4, 15 = y + 2*z - 5*z. Calculate the remainder when x is divided by y.
10
Suppose 0*d + 8 = -2*u - 2*d, -u + 16 = -4*d. Suppose -3*v - v + 92 = u. What is the remainder when 39 is divided by v?
16
Let i be (2 - (-30)/(-9))*3. Let q = i - -3. What is the remainder when -3 + q + (-2 - -35) is divided by 8?
5
Let t be -2*(-2 - (0 - 0)). What is the remainder when 2/(-4) - (-186)/t is divided by 3/(((-3)/4)/(-3))?
10
Suppose 0 = 288*q - 292*q - h + 849, -5*q + h = -1050. Calculate the remainder when q is divided by 86.
39
Let q = -913 - -1450. Calculate the remainder when q is divided by 27.
24
Let i(k) = -26*k + 149. Calculate the remainder when 28 is divided by i(5).
9
Suppose -17 = 5*a - 4*a + 4*t, -17 = -4*a + t. Calculate the remainder when ((-4)/6)/(1/(-27)) is divided by a.
0
Let k(l) = -5*l + 32. Calculate the remainder when 197 is divided by k(2).
21
Let k(o) be the first derivative of o**4/4 + 7*o**3/3 - 5*o**2 - 2*o + 1. What is the remainder when 67 is divided by k(-8)?
11
Let p = 843 - 838. Let h = -65 + 5. Let z = p - h. Calculate the remainder when z is divided by 17.
14
Suppose -3*s + 166 = 5*d + 38, 4*s - 194 = -2*d. Suppose -3*z + 5*b = -146, -z + s = -2*b + 4. What is the remainder when z is divided by 29?
28
Let v be 1*(-3 - -29)/2. Suppose v*l - 11*l + 32 = 0. Let d = 23 + l. Calculate the remainder when 26 is divided by d.
5
Calculate the remainder when 12 is divided by (5*(-66)/(-15))/(-5 - -7).
1
Suppose -13*x - 12 = -15*x. Let q(y) = y**2 + y - 2. Suppose -1 = h - 3. Calculate the remainder when x is divided by q(h).
2
Suppose -3*m = -6 - 6. Suppose -57*r = -27*r + 48*r - 312. What is the remainder when m is divided by r?
0
What is the remainder when 38 is divided by -83*1/(-3) + (-19)/(-57)?
10
Suppose -9 = t + 2*p, t - 5*t - 4*p = 28. What is the remainder when 4*(-6)/20*t is divided by 2 + (0 + 1 - -1)?
2
Let d(x) = x - 6. Suppose 3*g = g - 3*h + 14, -g = -5*h + 6. What is the remainder when g is divided by d(8)?
0
Let b = -4 + 4. Suppose 0*n - n + 7 = b. Suppose 9*w - 8*w = 12. Calculate the remainder when w is divided by n.
5
Suppose 5*d + 66 = 4*k, k = 2*k + 2*d - 23. Suppose -b + k = -8. What is the remainder when b is divided by (-56)/6*9/(-6)?
13
Suppose 665 = 3*t + 2*t. Calculate the remainder when 1/(2 - t/67) is divided by (1 - (-8)/12)*255/25.
16
Let o(h) = -3*h + 34. Let k be o(13). Calculate the remainder when (-2 + -2)*(-3)/(-2)*k is divided by 11.
8
Let o = 13 - 15. Let s be 0 - (o + (-3 - 1)). Suppose s*v - 6 = 84. Calculate the remainder when 28 is divided by v.
13
Let q(b) = -20. Let s(j) = -j. Let w(k) = -q(k) - 5*s(k). What is the remainder when w(9) is divided by 17?
14
Let q = -3370 - -3387. Let b(p) be the second derivative of p**5/20 - p**4/4 + p**3/2 + p. What is the remainder when q is divided by b(3)?
8
Suppose 0 = -17*q + 18 + 203. Suppose 2*s - 127 = 3*t - 2*t, -3*s + 188 = -t. Calculate the remainder when s is divided by q.
9
Suppose 13*s + 228 + 110 = 0. Calculate the remainder when 69 is divided by (s + (2 - 2))*-1.
17
Let f = -2962 + 2986. Let b(c) be the third derivative of 47*c**5/30 - c**2. Calculate the remainder when b(1) is divided by f.
22
Let m be (9 + -3)*1/2. Let j = 25 + 25. Calculate the remainder when j is divided by ((-11)/m + 4)*39.
11
Let c(y) = -4*y**2 + 13*y - 33. Let q be c(6). Let u = q - -142. Calculate the remainder when 212 is divided by u.
40
Let q = -992 + 1026. What is the remainder when 113 is divided by q?
11
Suppose -642 = -5*a - 4*z, -5*a = -0*a + 3*z - 644. Suppose -9*b = -4*b + a. Let l = -15 - b. What is the remainder when 42 is divided by l?
9
Suppose -3*m - 611 = -695. What is the remainder when 275 is divided by m?
23
Let i = -49 + 78. Suppose 0 = -73*z + 85*z - 96. What is the remainder when i is divided by z?
5
Suppose -2*z - 102 = z. Let y be 2/(-3) - z/6. Suppose -12 = -y*c - 2. What is the remainder when 2 is divided by c?
0
Suppose 3*m = -5*c + 307, -5*m - 4*c + 93 = -4*m. What is the remainder when m is divided by 5?
4
Let v(g) = g**2 - 21*g + 25. Let h be v(20). Suppose -h*y + 6*y - 54 = 5*n, 0 = -4*y - 4*n + 120. Calculate the remainder when y is divided by 9.
7
Let d = 635 - 215. Calculate the remainder when d is divided by 142.
136
Let d(w) = 2*w + 3. Let y be d(1). Suppose -7*g + 72 = -y*g. What is the remainder when 176 is divided by g?
32
Let m(t) = 5*t - 5. Let u(g) = -10*g + 10. Let w(f) = 5*m(f) + 2*u(f). What is the remainder when w(11) is divided by 18?
14
Suppose 0 = 5*m + 3*q - 105, 2*m - 3*m = 5*q + 1. Suppose -m = -4*d + 24. Calculate the remainder when 23 is divided by d.
11
Let s(h) = -7*h + 2. Let a be s(-1). Suppose -a = -n + 1. Calculate the remainder when 107 is divided by (2 + 1)*(n + 2).
35
Suppose 12*k - 710 = 2*k. What is the remainder when k is divided by 32?
7
What is the remainder when 24 is divided by (-10)/6*(-432)/90?
0
What is the remainder when 18 is divided by (-48)/18*9/(-6)?
2
Let n(i) = -i + 7. Suppose 0*o - 5*o - z + 139 = 0, 38 = 2*o - 4*z. What is the remainder when o is divided by n(3)?
3
Let x(v) = 2*v - 3. Suppose -84 + 4 = -8*g. Calculate the remainder when 30 is divided by x(g).
13
Let s = 258 - 152. Suppose -f = -2*f + 28. Calculate the remainder when s + (-4)/(-10) + (-26)/(-10) is divided by f.
25
Let c = -680 - -745. Calculate the remainder when 1104 is divided by c.
64
Suppose v = 4*j - 322, -2*j - 2*v = -4*v - 164. Calculate the remainder when j is divided by 30.
20
Suppose d + 1 = 2, -124 = -2*h + 4*d. Suppose 5*b + h = b. Let k = 24 + b. What is the remainder when k is divided by 3?
2
Let p(d) = -5*d + 17*d**3 + 2 + 18*d - 11*d - 4. Calculate the remainder when 30 is divided by p(1).
13
Let w(p) = p**3 + 2*p**2 - p + 27. Let f be (-8)/((-4)/(-2)) - -5. Let m be (-3)/3*(-1 + f). Calculate the remainder when w(m) is divided by 14.
13
Let b(c) be the third derivative of c**5/60 - 11*c**4/24 + 7*c**3/2 - 22*c**2. Calculate the remainder when 32 is divided by b(10).
10
Let h = -1976 + 1992. Let q(c) = c + 12. Calculate the remainder when h is divided by q(-6).
4
Let k = -81 + 102. Suppose k = s + 4. Calculate the remainder when 31 is divided by s.
14
Let q(d) = -d**3 + 6*d**2 + 8*d - 7. Let y be q(6). Let u = 8 - -3. Let x = u + y. What is the remainder when x is divided by 18?
16
Let a = 275 - 263. What is the remainder when 80 is divided by a?
8
Let r = -27 - -43. Calculate the remainder when 16 is divided by -1 + (r - (0 - -4)).
5
Let h(y) = -y**2 + 5*y + 6. Let i be h(5). Suppose 3*g - 6*g = -i, 4*d - 26 = -g. What is the remainder when 17 is divided by d?
5
Let k(j) = 48*j + 7. Suppose 0 = -5*n - 3*f - 4 + 2, 3*f + 22 = 5*n. What is the remainder when k(n) is divided by 35?
33
Suppose 3*f + 30 = -5*p + 25, -2*f - p = -6. What is the remainder when f is divided by 4?
1
Let n(o) = o + 10. Let l be n(-8). Suppose -2*s - z + 6 = -26, s = 3*z + l. Calculate the remainder when 21 is divided by s.
7
Let j(i) = -i - 5. Let q be j(-6). Let c(l) = 8*l. Suppose -g + 30 = -0*u - u, g - 3*u = 32. Calculate the remainder when g is divided by c(q).
5
Let s = 945 + -894. What is the remainder when 610 is divided by